{"id":671,"date":"2014-07-17T17:23:08","date_gmt":"2014-07-17T15:23:08","guid":{"rendered":"http:\/\/www.spiritualfaya.com\/SFiction\/?page_id=671"},"modified":"2016-05-24T18:55:54","modified_gmt":"2016-05-24T16:55:54","slug":"oceany-hiperbrazni","status":"publish","type":"page","link":"http:\/\/www.spiritualfaya.com\/SFiction\/?page_id=671","title":{"rendered":"Oceany Hiperbra\u017ani"},"content":{"rendered":"<p>\u00a0<a href=\"http:\/\/www.spiritualfaya.com\/?p=1811&amp;lang=pl\"><img loading=\"lazy\" decoding=\"async\" class=\"alignleft  wp-image-673\" src=\"http:\/\/www.spiritualfaya.com\/SFiction\/wp-content\/uploads\/2016\/05\/IMG_5336-250x300.jpg\" alt=\"IMG_5336\" width=\"142\" height=\"170\" srcset=\"http:\/\/www.spiritualfaya.com\/SFiction\/wp-content\/uploads\/2016\/05\/IMG_5336-250x300.jpg 250w, http:\/\/www.spiritualfaya.com\/SFiction\/wp-content\/uploads\/2016\/05\/IMG_5336-853x1024.jpg 853w, http:\/\/www.spiritualfaya.com\/SFiction\/wp-content\/uploads\/2016\/05\/IMG_5336-60x72.jpg 60w, http:\/\/www.spiritualfaya.com\/SFiction\/wp-content\/uploads\/2016\/05\/IMG_5336.jpg 1000w\" sizes=\"(max-width: 142px) 100vw, 142px\" \/><\/a>Zbi\u00f3r autogeneratywnej, proceduralnej SF (spiritual fiction), kt\u00f3r\u0105 mo\u017cna przeczyta\u0107 jedynie wtedy, kiedy si\u0119 z niej zapali. Wszystkie moje opowiadania (ceramiczne i literackie) pochodz\u0105 z tego zbioru.<\/p>\n<p>&nbsp;<\/p>\n<p>&nbsp;<\/p>\n<p><a href=\"http:\/\/www.spiritualfaya.com\/?lang=pl\" target=\"_blank\"><strong>Opowiadanka z tego zbiorku<\/strong><\/a><\/p>\n<p>&nbsp;<\/p>\n<pre><code>\u00a0<\/code><\/pre>\n","protected":false},"excerpt":{"rendered":"<p>\u00a0Zbi\u00f3r autogeneratywnej, proceduralnej SF (spiritual fiction), kt\u00f3r\u0105 mo\u017cna przeczyta\u0107 jedynie wtedy, kiedy si\u0119 z niej zapali. Wszystkie moje opowiadania (ceramiczne i literackie) pochodz\u0105 z tego zbioru. &nbsp; &nbsp; Opowiadanka z tego zbiorku &nbsp; \u00a0<\/p>\n","protected":false},"author":1,"featured_media":673,"parent":0,"menu_order":0,"comment_status":"closed","ping_status":"closed","template":"","meta":{"footnotes":""},"_links":{"self":[{"href":"http:\/\/www.spiritualfaya.com\/SFiction\/index.php?rest_route=\/wp\/v2\/pages\/671"}],"collection":[{"href":"http:\/\/www.spiritualfaya.com\/SFiction\/index.php?rest_route=\/wp\/v2\/pages"}],"about":[{"href":"http:\/\/www.spiritualfaya.com\/SFiction\/index.php?rest_route=\/wp\/v2\/types\/page"}],"author":[{"embeddable":true,"href":"http:\/\/www.spiritualfaya.com\/SFiction\/index.php?rest_route=\/wp\/v2\/users\/1"}],"replies":[{"embeddable":true,"href":"http:\/\/www.spiritualfaya.com\/SFiction\/index.php?rest_route=%2Fwp%2Fv2%2Fcomments&post=671"}],"version-history":[{"count":10,"href":"http:\/\/www.spiritualfaya.com\/SFiction\/index.php?rest_route=\/wp\/v2\/pages\/671\/revisions"}],"predecessor-version":[{"id":683,"href":"http:\/\/www.spiritualfaya.com\/SFiction\/index.php?rest_route=\/wp\/v2\/pages\/671\/revisions\/683"}],"wp:featuredmedia":[{"embeddable":true,"href":"http:\/\/www.spiritualfaya.com\/SFiction\/index.php?rest_route=\/wp\/v2\/media\/673"}],"wp:attachment":[{"href":"http:\/\/www.spiritualfaya.com\/SFiction\/index.php?rest_route=%2Fwp%2Fv2%2Fmedia&parent=671"}],"curies":[{"name":"wp","href":"https:\/\/api.w.org\/{rel}","templated":true}]}}